638*p - 512. What are the prime factors of u(-18)?
2, 13, 211
What are the prime factors of -5 + 128/5*795/106?
11, 17
Let k be 1/4 + (-636)/(-16). Let v = 55 - k. List the prime factors of (-19)/(1 - v/10).
2, 19
Let m(h) = 349*h**2 - 1 + 5*h + 4 - 1 + 0*h. List the prime factors of m(-1).
2, 173
Suppose -4*w - a + 93505 = -133431, 113468 = 2*w + a. What are the prime factors of w?
2, 19, 1493
Let p be ((-100)/(-6))/(-4 - (-91)/21). Suppose 0 = p*a - 55*a + 460. Suppose 2*z - 148 - a = 0. List the prime factors of z.
2, 3, 5
Let v = -395 + 13033. What are the prime factors of v?
2, 71, 89
Let k(z) = -923*z**3 - 8*z**2 - 24*z - 7. What are the prime factors of k(-2)?
7393
Suppose -7*q - 5*h = -9*q - 63, 0 = 5*q + 5*h + 210. List the prime factors of 4/(-3) - (70876/q - -5).
1811
Suppose 0*r + 5*r = -2*u + 18, 2*u - 6 = r. Suppose 2*p - s = 4012, 16*p + r*s + 4012 = 18*p. What are the prime factors of p?
2, 17, 59
Let l(r) = 3*r**3 - 3*r**2 - 3*r - 2. Let a be l(3). Let t = a - 40. Suppose -4*k + t*k + 86 = 0. List the prime factors of k.
2, 43
Let x(t) = -15*t - 44. Let i be x(-13). Let u = 277 - i. Suppose 6*p = u + 984. List the prime factors of p.
5, 37
Let j be (-4)/4 - -1 - -6. Suppose j = 2*n, 3*n - 445 = -4*f + 288. Let x = f - 106. What are the prime factors of x?
3, 5
Let a(k) = 32*k + 6. Let z be a(4). Let c(h) = -8*h - 28. Let l be c(4). Let r = l + z. List the prime factors of r.
2, 37
Suppose 12*o = 18*o - 96. Suppose -9*y + 29 = -o. Suppose -y*t + 1070 = -2*h, -4*t - 2*h + 255 = -583. List the prime factors of t.
2, 53
Suppose 0 = -4*h + 4*y + 24, 0*h - 3*h + 16 = -4*y. Suppose 2016 = -0*k + h*k. What are the prime factors of k?
2, 3, 7
Let g(n) = n**3 + 8*n**2 + 2*n + 19. Let w be g(-8). Suppose 4*c + 2*b = -0*b + 2, 3*c + 3*b = w. What are the prime factors of (1 - c)*(12 - -89)?
101
Let a(j) = -68*j - 18*j - 56 + 175*j. List the prime factors of a(6).
2, 239
Suppose -4*b + 712 = 2*h - 2304, 3*b - 2262 = -4*h. List the prime factors of b.
2, 13, 29
Let j be (-3)/(4 + 11/(-2)). Let k(g) = g + 6*g**2 - j*g - 2*g**2 - 2*g**2 + 4. List the prime factors of k(2).
2, 5
Suppose -4*l + v + 13092 = -13196, 2*l - 13162 = 5*v. List the prime factors of l.
6571
Let z = -35 + 18. Let w be 1*z/((5/(-7))/5). Let c = w - 55. What are the prime factors of c?
2
Let s = 593 - 1302. Let r = s - -1275. Suppose -r = -7*j + 498. List the prime factors of j.
2, 19
Let h(w) = w**2 - 3*w - 26. Let v be h(12). Let z = 391 - v. What are the prime factors of z?
3, 103
Suppose 2*n - 6 = 0, 0 = 3*c - c - 5*n + 25. Let g be (c - -3)*(80 - 1). Let j = -29 - g. List the prime factors of j.
3, 43
Let y = 476 - 314. Let p = 207 + y. What are the prime factors of p?
3, 41
Suppose -2*p - 2*q = -56136, -5*q + 23 = 13. What are the prime factors of p?
2, 14033
Suppose 0 = 8*z + 15987 - 83875. What are the prime factors of z?
2, 4243
Let u = -1258 - -8869. What are the prime factors of u?
3, 43, 59
Let n(o) be the third derivative of 5*o**4/3 - o**3/2 - o**2 - 42. Suppose -2*v + 2 = -2. List the prime factors of n(v).
7, 11
Let r(a) = -2530*a - 6858. What are the prime factors of r(-10)?
2, 9221
Suppose 7*m - 51402 = -2626. List the prime factors of m.
2, 13, 67
Suppose -3*r = 5*l - 218664, -4*l = 23*r - 28*r + 364440. List the prime factors of r.
2, 3, 3037
Let u(t) = -2*t**3 - 8*t**2 + 3*t + 1. Let a be u(-7). Let v = -331 + 513. Suppose -v = -3*g + a. List the prime factors of g.
2, 19
Suppose 4*i + 3*j + j = -292, -2*j - 374 = 5*i. What are the prime factors of 160/(-6)*513/i?
2, 3, 5
Let r be (-150)/20*(-4)/(-3). Let s = 91 - r. What are the prime factors of s?
101
Let n be ((-317)/3)/(7*3/189). Let q = n + 1689. List the prime factors of q.
2, 3, 41
Let c(l) = 16*l - 76. Let p be c(23). Suppose -5*h - b = -p - 1059, 3*h = -2*b + 805. What are the prime factors of h?
271
Suppose 6*c = 29*c - 828. Suppose -c*d + 16*d = -3500. List the prime factors of d.
5, 7
Let f = -125584 + 184818. List the prime factors of f.
2, 7, 4231
Let q = -72484 + 133016. List the prime factors of q.
2, 37, 409
Let v = 2 + 0. Let r(x) = -x**2 + 20*x + 2. Let l be r(20). Suppose -4*d = v*j - 114, 2*j - l*d - d = 135. What are the prime factors of j?
3, 7
Let i(v) = 20*v**2 + 7*v + 3. Let c(s) = 19*s**2 + 8*s + 2. Let m(h) = -3*c(h) + 4*i(h). Let j be m(-2). Let a = j - 53. List the prime factors of a.
37
Suppose 2*m = -5*i + 404, 4*m + 341 - 1105 = i. Suppose a = 37 - m. Let h = a - -326. List the prime factors of h.
3, 19
Let k be (3 - 1/1) + 3. Suppose k*l = -0*l. Suppose f + 88 - 143 = l. What are the prime factors of f?
5, 11
Suppose 37 = 3*h - 152. Suppose -15*m + 153 - h = 0. Suppose -10 = 5*p, -m*p = 5*n - 2*p - 52. What are the prime factors of n?
2, 3
Let g be (1 - 9/5)/((-86)/(-215)). Let m(v) = 84*v**2 - 8*v - 15. What are the prime factors of m(g)?
337
Suppose 15 = -2*s + 5*s, -2*j - s + 63 = 0. Suppose 2*r - x - 21 = -0*r, 3*r = x + j. Suppose -6 - 650 = -r*y. What are the prime factors of y?
2, 41
Let s be (15/(-6))/((-1)/196). Suppose 2*k - s = -4*v, 4*k = -2*v - v + 1005. Suppose -5*w + 3*i = -411, i - k = -0*w - 3*w. What are the prime factors of w?
2, 3, 7
Let v(l) = 13*l + 78. Let n be v(-6). Suppose -5*g + 5*f = -2440, -g + n*g + 4*f = -488. What are the prime factors of g?
2, 61
Suppose 2356672 = 498*a - 452*a. What are the prime factors of a?
2, 1601
Let z = -28 + 30. Let d(a) = -9*a**3 + 10*a**3 - 7*a + 17 - 15 + z*a**2. What are the prime factors of d(3)?
2, 13
Let y(o) = -o**3 + o**2 + 4*o - 2. Let t be y(2). Suppose -3*j - t + 14 = 0. Suppose 5*q = j*q + 47. What are the prime factors of q?
47
Let a = 15 + -9. Let z(m) = 5*m - 1. Let c(b) = 14*b - 3. Let r(n) = -2*c(n) + 7*z(n). List the prime factors of r(a).
41
Suppose 308*r = 290*r + 121950. List the prime factors of r.
5, 271
Suppose s + b = 36572, 57*b + 109722 = 3*s + 54*b. What are the prime factors of s?
3, 73, 167
Suppose 0 = -3*f + 41 - 197. Let o = 631 + f. What are the prime factors of o?
3, 193
Let i be (-1)/(2/(-111))*(-36)/27. Let g = 330 - i. List the prime factors of g.
2, 101
Let z(u) = 8*u - 18*u - u**2 + 5 - 1. Let d be z(-8). What are the prime factors of 3 + (-161)/(-5) + (-4)/d?
5, 7
Suppose -2*l + 5*k + 725 + 1754 = 0, -2*l + 3*k = -2481. List the prime factors of l.
2, 3, 23
Suppose 2*t - 11*t + 26361 = 0. Suppose 0 = 13*f - t - 7224. What are the prime factors of f?
11, 71
Let f be -7 - (-45)/5 - -206. Suppose p - 402 = -2*j, 0*p + f = j - 3*p. What are the prime factors of j?
2, 101
Let m(h) = h**3 - 12*h**2 - 47*h + 23. Let r be m(15). What are the prime factors of (3 - r/(-3))*(-1701)/(-6)?
3, 7
Let y = 22927 - -25733. List the prime factors of y.
2, 3, 5, 811
List the prime factors of -7 + 6 + 5 + 8534 + (-2 - -3).
8539
Suppose 17 = 5*u - q, -5*u + 0*q - 5*q = -5. Suppose -5*a = -u + 28, -48 = m + 4*a. List the prime factors of (m/(-5))/((-3)/(-15)).
2, 7
Let p(q) = -286*q - 529. What are the prime factors of p(-17)?
7, 619
Let f = -95 + 94. What are the prime factors of 19490/60 + ((-1)/6)/f?
5, 13
Let y be ((-4)/1)/(26 + -24). List the prime factors of (3660/(-5))/2*2/y.
2, 3, 61
Suppose 145*r - 143*r = -6, 5*a + 3*r - 290816 = 0. List the prime factors of a.
5, 11633
Let w = -27377 - -52874. List the prime factors of w.
3, 2833
Suppose 3*v - 4 = h + 9, 0 = 5*v + 2*h - 29. Suppose -5*r + f + 805 = 0, -r - 4*f = -v*f - 165. List the prime factors of r.
2, 5
Let z(c) = 967*c**2 - 67*c - 138. List the prime factors of z(-2).
2, 3, 7, 23
Suppose -140*i = -141*i + 3. Let f(o) = 166*o + 108. What are the prime factors of f(i)?
2, 3, 101
Let l = 4 - -1. Suppose 4*u - 56 = -2*t, -11 = t + l*u - 42. Suppose -23*g - 309 = -t*g. What are the prime factors of g?
103
Let s(p) = 24*p**2 + 170*p - 708. List the prime factors of s(40).
2, 7, 227
Suppose w = 2*i + 68, -4*w + 3*i - 25 = -307. What are the prime factors of ((-96)/w)/((-4)/678)?
2, 113
Let h(c) = -c**3 + 92*c**2 - 60*c + 1711. What are the prime factors of h(73)?
2, 11, 4481
Let d be ((-161)/(-2) + -5)*(1 - 3). Let v = 168 + d. What are the prime factors of v?
17
Suppose 0 = -6*z + 5*z + 149. Suppose -4*t = -4*h - 76, -4*h + 2*h - t = 47. Let p = h + z. List the prime factors of p.
127
Let r(b) = 18*b**3 - 6*b**2 + 8*b - 13. Let 